0, -l - 240 = -3*k. What is the greatest common factor of k and i?
8
Suppose 1 = -5*k - 4, -344 = -4*g + 4*k. Let r be g/(-170) - (-1 + 150/(-4)). Calculate the greatest common factor of 19 and r.
19
Suppose -82 = -2*g - q, -199*g + 202*g - 123 = -2*q. Calculate the greatest common factor of 1927 and g.
41
Suppose 2*s - 5 = -w, 8 = -s - 6*w + 2*w. Let j be 1/(s - (-573)/(-144)). Calculate the highest common factor of j and 6.
6
Suppose 82*b + 156 = 2*v + 84*b, 4*v - 3*b - 312 = 0. Suppose 2*l - 32 = 5*z, -4*z + 94 = 3*l - 0*l. Calculate the highest common factor of v and l.
26
Suppose -311*p + 874312 = 62*p. What is the greatest common divisor of 8 and p?
8
Suppose 18*o - 7885 = -7849. Let z = -1 + 3. Suppose 3*n + 9 = -2*i + 6*n, o*n - 16 = -z*i. What is the highest common factor of i and 39?
3
Suppose 10*g = -0*g - 13410. Let w = -1323 - g. Suppose -4*l - 5*z = -802, 0*z + 2*z + 392 = 2*l. What is the highest common divisor of l and w?
18
Suppose -u - 3*s = 17 - 14, 3*u - 19 = 5*s. Suppose r - 14 = 2*z, -4*r + r - u*z + 6 = 0. What is the highest common divisor of 9 and r?
3
Suppose 0*s - o = -5*s + 221, -5 = 5*o. Let i = s - 42. Suppose -2*t - 2 = 0, 4*t - t + 13 = i*l. What is the greatest common divisor of 45 and l?
5
Let y = -4163 - -4559. Let j = -42 - -78. Calculate the greatest common divisor of y and j.
36
Suppose -202*z = -217*z + 4095. What is the greatest common divisor of z and 52?
13
Suppose 0 = -4*r - 12, -7*x + 463 = -2*x - r. Calculate the greatest common factor of 16 and x.
4
Let q(v) = v**2 - 4*v + 128. Suppose 0*j = -6*j + 2*j. Let y be q(j). Calculate the highest common divisor of y and 32.
32
Let j = 5120 - 5104. Let p be (-32)/(-28) - (-1)/(-7). Calculate the greatest common divisor of j and p.
1
Let s = 13336 - -1003. What is the greatest common factor of s and 39?
13
Let p be 2/(3/((-306)/12)). Let k(y) = -y**3 - 17*y**2 - 4*y - 13. Let a be k(p). Calculate the greatest common factor of a and 5.
5
Let h be (15*-2)/((6 - 16)/(-10)). Let u = 158 + h. Calculate the highest common factor of 8 and u.
8
Let a = -574 - -766. Suppose -c - 2*s = -44, 5*c + 2*s = -0*s + 236. Calculate the highest common factor of c and a.
48
Suppose -3*c - 41*u + 81 = -38*u, -c - 15 = -5*u. What is the greatest common factor of 1108 and c?
4
Let q be 3004/(-64) + 38/(-608). Suppose -60 = h + 2*h. Let m = h - q. Calculate the greatest common divisor of 9 and m.
9
Let t be 2/9*2538/24*4. Calculate the highest common divisor of t and 29422.
94
Let x = 58 + -89. Let l = 322 - 323. Let c be l + 1 - (-10 + x). What is the highest common divisor of c and 451?
41
Suppose i = -2*c + 8, 0 = 3*i - 35*c + 33*c - 64. Let h(s) = 450*s**2 + 2*s - 2. Let j be h(1). Calculate the highest common divisor of j and i.
18
Suppose -5*d = -5*g - 1080, 5*d - 32*g + 31*g - 1056 = 0. Calculate the highest common factor of 3633 and d.
21
Let r be 5 - 1 - (-3444)/41. Calculate the highest common divisor of r and 13970.
22
Let n(o) = 282*o**2 - 10*o + 44. Let t be n(3). Calculate the highest common divisor of t and 24.
8
Let c be ((-6)/(-15) + 53/5)*1. Let m(a) = -a**3 + 11*a**2 - 2*a + 2. Let z be m(c). Let r = 43 - z. What is the highest common factor of r and 42?
21
Let v be ((-6)/(-15))/(2/50). Suppose -5*t + 80 = b, -6*b + 12 + 216 = 2*t. What is the greatest common divisor of v and b?
5
Let k = 469 + -205. Let o(n) = -3*n**2 + 27*n. Suppose 0 = 2*s + 4*u, -u - 34 = -5*s + 10. Let d be o(s). Calculate the greatest common factor of d and k.
24
Let f = -13 - -18. Let k(x) = 24*x - 20. Let z be k(f). Calculate the greatest common factor of z and 60.
20
Let v be (-4187)/(-1027) - (-1)/(-13). Let p be 23/3 - 8/12. Let s = p - 5. Calculate the greatest common factor of v and s.
2
Let d = -39 - -99. Let k = -48 + d. What is the greatest common divisor of k and 60?
12
Let f(p) = -3*p + 2. Suppose -5*v - 7 = 8. Let n be f(v). Suppose -2572*c + 2612*c - 440 = 0. What is the greatest common factor of c and n?
11
Let n(y) = y**3 - 14*y**2 + 14*y - 11. Let b be n(13). Suppose 0 = -3*o + b*d - 0*d + 313, -5*o = -3*d - 522. Calculate the greatest common factor of o and 70.
35
Suppose 40*d - 28546 - 12094 = 0. Calculate the highest common factor of 16 and d.
8
Let g = -145 - -299. Let k = -986 + g. Let u be 18/(-8)*k/13. What is the greatest common divisor of u and 16?
16
Suppose -2912 = 12*p - 16*p. What is the greatest common divisor of 455 and p?
91
Let p be 190/25 - 6 - 6/(-15). Suppose -12*s = -5*g - 13*s + 393, -4*s = p*g - 168. Calculate the highest common divisor of 52 and g.
26
Let v = -4484 - -6374. What is the greatest common divisor of v and 525?
105
Let p(m) = 86*m - 15079. Let z be p(177). Suppose -38 = 4*j - 194. What is the greatest common divisor of z and j?
13
Let g = 22 - 10. Suppose 1197 = -g*y + 3897. Let t(m) = m**2 - 2*m + 1. Let f be t(6). Calculate the greatest common factor of y and f.
25
Let g = -299 - 109. Let m be (g/60)/(2/(-10)). Let u(k) = -5*k**3 + k**2 + 4*k + 4. Let t be u(-3). What is the greatest common divisor of m and t?
34
Suppose -4*v - 3910 = -19*a + 14*a, 5*a = 2*v + 3910. Calculate the highest common divisor of a and 272.
34
Suppose 557*m = 564*m - 41034. Calculate the highest common divisor of 6 and m.
6
Suppose -2*r + o + 8524 = 0, 122*r - 127*r = -3*o - 21309. Calculate the greatest common factor of r and 174.
87
Suppose 95130 = 76*f - 117594. Calculate the highest common divisor of f and 36.
9
Let j(l) = -40*l + 1143. Let i be j(27). Calculate the greatest common divisor of 49 and i.
7
Let c = -40 - -55. Suppose 4*d - 26 - 110 = 0. Suppose 8*v - d + 10 = 0. What is the greatest common divisor of c and v?
3
Suppose -97168*j = -97174*j + 1764. What is the highest common factor of j and 966?
42
Let x be 4*(-63)/(-9) - (1 - 0). Suppose 2*n = 3*n + 2*b - x, 3*n = -2*b + 101. What is the highest common divisor of n and 74?
37
Let s(x) = x**3 + 4*x**2 + 5*x + 50. Let z be s(-5). Let g(l) = 27*l + 6. Let q be g(z). Calculate the highest common factor of 51 and q.
3
Let g be 8/((-144)/(-71034)) - (-45)/27. What is the greatest common factor of g and 126?
42
Let u(d) = -d + 9*d - 2*d + 4 + d**2. Let c be u(-6). Let o be -6*c/(-12) + 4. What is the highest common factor of o and 36?
6
Let p(w) = -4*w - 6. Let c be p(-5). Suppose 0*i + 3*i - 12 = d, -5*d + 2*i - 8 = 0. Let x = d + 126. What is the greatest common divisor of c and x?
14
Suppose -118*d - 11*d + 1290 = 0. Calculate the highest common divisor of d and 3110.
10
Let a(u) = -4*u**2 + 9*u**2 - 147 + 147 - 2*u. Let f be a(-4). What is the greatest common divisor of 220 and f?
44
Let n(q) = -q**3 - 7*q**2 - 10*q. Let i be n(-4). Let u be ((-14)/i)/(7/(-756)). Let c be u/(-18)*(-4)/(-3). Calculate the greatest common factor of 56 and c.
14
Let j = 6555 - 6450. What is the greatest common factor of 357 and j?
21
Suppose -51*l - 210 = -53*l. Suppose 5*k = 2*k - l. Let g = k + 47. Calculate the highest common factor of g and 24.
12
Suppose 6*v = -3*v. Suppose -3*q - 30 = 5*t, v = -2*q - 10. Let m be (-10)/(t*(-3)/(-18)). What is the highest common factor of 10 and m?
10
Let n(x) = 0 - x**3 + 9*x - 4 + 11*x**2 + 2*x**3. Let s be 25/10*(-12 + 8). Let k be n(s). What is the greatest common divisor of k and 42?
6
Let h(m) = 2*m - 11. Let z be h(10). Let x = z - -1. Suppose -2*w = -3*g + 322, w = -3*g + 236 + 98. What is the greatest common divisor of x and g?
10
Let u(d) = 27*d - 28. Let v be u(-2). Let w = -290 + 414. Let n = w + v. Calculate the greatest common divisor of n and 28.
14
Let l(q) = q + 1. Let y be l(3). Suppose 1738 - 1054 = 38*g. Suppose 66 = y*c - g. What is the highest common divisor of c and 147?
21
Suppose f = 2*j + 30, 111*j = 3*f + 115*j - 10. Let w = 39 + -11. What is the highest common divisor of f and w?
14
Let b be ((-5)/2*16/(-2))/(35/140). Calculate the greatest common divisor of b and 8280.
40
Let x = 3058 + -2077. What is the greatest common factor of 9 and x?
9
Suppose -2*k - 17*i + 13*i = -1996, 4997 = 5*k + 3*i. Let z = k - 982. What is the highest common factor of 9 and z?
9
Let x(a) = -17*a. Let g be x(-9). Let v(s) = 22*s**3 + 330*s**2 + s + 32. Let p be v(-15). Calculate the greatest common factor of g and p.
17
Let p be 30/4*(-16)/(-10). Suppose -12*q = -6*